+ 524*r + 5045. Give f(184).
-107
Let d(c) = -c**3 + 85*c**2 - 1664*c + 406. What is d(30)?
-14
Let u(m) = 4*m**2 + 3125*m - 25243. What is u(8)?
13
Let g(z) = 2*z**2 - 238*z - 13243. Determine g(161).
281
Let t(f) = -14*f**2 + 534*f - 578. What is t(38)?
-502
Let w(s) = 50*s**3 + 23*s**2 + 10*s - 28. Give w(1).
55
Let y(a) = 328*a**2 - 1691*a + 267. What is y(5)?
12
Let w(j) = -147925*j + 9171339. Give w(62).
-11
Let z(d) = 32462*d - 389553. Give z(12).
-9
Let h(a) = -938*a + 272424. Give h(290).
404
Let x(n) = 2241*n + 15881. What is x(-7)?
194
Let b(i) = 928*i - 6546. Determine b(7).
-50
Let c(z) = -8*z**2 + 683*z - 1330. Calculate c(2).
4
Let g(s) = 14551*s + 873199. What is g(-60)?
139
Let b(d) = -16102*d - 128816. Calculate b(-8).
0
Let x(i) = 6*i**3 - 8*i**2 - 10*i - 139. Determine x(8).
2341
Let d(s) = -s**3 - 4*s**2 + 29476*s + 147365. Give d(-5).
10
Let g(k) = 2*k**2 + 21*k - 9080. Determine g(-72).
-224
Let s(i) = i**2 + 181*i + 6101. What is s(-132)?
-367
Let c(b) = -101*b**2 - 2754*b - 17636. Determine c(-17).
-7
Let b(a) = -a**3 - 14*a**2 - 218*a - 1370. What is b(-9)?
187
Let m(w) = w**3 + 138*w**2 - 170*w - 4149. Give m(-139).
160
Let j(a) = -2*a**3 + 244*a**2 + 472*a + 3799. Determine j(124).
823
Let a(q) = q**3 - 84*q**2 - 781*q + 65574. Determine a(84).
-30
Let o(p) = -2*p**2 + 40583*p - 851345. Determine o(21).
16
Let g(c) = -16916*c - 2571242. Determine g(-152).
-10
Let v(x) = -35*x**3 - 7387*x**2 - 407*x + 3130. Determine v(-211).
-35
Let l(b) = b**3 - 116*b**2 - 736*b - 31757. Calculate l(124).
-13
Let m(d) = -709*d + 241085. Determine m(340).
25
Let x(g) = -g**3 + 3*g**2 + 56*g + 123. Calculate x(-3).
9
Let a(l) = -l**2 + 1762*l + 458163. Determine a(-230).
3
Let w(j) = 2*j**2 + 45094*j + 270501. Calculate w(-6).
9
Let n(g) = 182*g**2 + 24032*g + 1072. Give n(-132).
16
Let f(b) = -6*b**2 + 10166*b - 81242. Determine f(8).
-298
Let u(h) = -h**3 - 9*h**2 + 1077*h - 1147. What is u(28)?
1
Let q(p) = 2*p**2 + 3118*p - 435507. Give q(129).
-3
Let l(o) = o**3 + 5*o**2 - 4033*o - 24200. Determine l(-6).
-38
Let x(a) = 1516456*a + 3032931. Determine x(-2).
19
Let c(x) = -4132*x - 205. Calculate c(0).
-205
Let b(y) = 9*y**3 + 615*y**2 + 195*y + 86. Calculate b(-68).
698
Let u(x) = x**2 + 1937*x + 17349. Determine u(-9).
-3
Let f(l) = 60*l**2 - 2483*l - 1559. What is f(42)?
-5
Let w(m) = -m**3 + 98*m**2 + 1212*m - 14262. Determine w(108).
-6
Let d(i) = -i**3 - 390*i**2 - 284*i + 40847. Calculate d(-389).
2
Let v(d) = 7194*d + 7934983. What is v(-1103)?
1
Let o(d) = -13231*d - 820395. Calculate o(-62).
-73
Let a(w) = -20*w**2 + 4017*w + 596. Determine a(201).
-7
Let n(f) = -283*f + 80095. Determine n(283).
6
Let r(v) = -2844*v + 77616. What is r(27)?
828
Let d(j) = 4*j**3 - 9*j**2 - 225*j + 1314. What is d(6)?
504
Let b(t) = 4531*t + 176728. Determine b(-39).
19
Let c(z) = z**3 - 253*z**2 + 15870*z - 51. Give c(138).
-51
Let l(u) = u**3 + 357*u**2 + 1175*u + 165099. Determine l(-355).
24
Let q(l) = 64*l - 1867. Determine q(13).
-1035
Let s(p) = 24093*p + 121725. Determine s(-5).
1260
Let n(u) = -4*u**3 - 62*u**2 + 7461*u + 118859. Give n(-16).
-5
Let b(d) = 1979*d + 854937. Give b(-432).
9
Let f(k) = 102*k**2 - 31273*k - 12590. Give f(307).
-3
Let g(k) = 2*k**2 + 328*k + 12691. Determine g(-79).
-739
Let y(r) = -2919*r + 20451. Give y(7).
18
Let s(q) = -q**3 + 58*q**2 + 315*q - 12639. Give s(60).
-939
Let u(r) = r**3 - 4*r**2 - 50*r + 322. Give u(5).
97
Let d(a) = 30*a**2 + 912*a + 350. What is d(-30)?
-10
Let r(f) = -f**3 - 311*f**2 - 352*f - 13374. Give r(-310).
-354
Let u(r) = r**3 + 209*r**2 - 5733*r - 2931. Calculate u(25).
-6
Let l(u) = 82*u**2 + 18285*u - 103. Calculate l(-223).
120
Let d(a) = 367*a**2 - 95417*a - 781. Give d(260).
-1
Let g(u) = -5829*u - 582903. What is g(-100)?
-3
Let c(v) = 7919*v - 41947. Determine c(5).
-2352
Let b(p) = 197382*p + 986926. Calculate b(-5).
16
Let g(j) = 1698*j + 911809. What is g(-537)?
-17
Let p(q) = q**3 + 116*q**2 + 151*q + 17458. Calculate p(-116).
-58
Let l(j) = 2133*j + 4175. Determine l(-2).
-91
Let n(y) = y**2 + 150*y - 4380. Determine n(-175).
-5
Let r(z) = 43885*z + 526629. Calculate r(-12).
9
Let g(n) = 1682*n - 5486. What is g(3)?
-440
Let r(n) = -n**3 - 20*n**2 + 1084*n + 22674. What is r(-21)?
351
Let c(w) = 25618*w + 820. Calculate c(0).
820
Let a(y) = -y**2 + 81*y + 3295. Determine a(-31).
-177
Let j(w) = -w**2 + 40*w - 865. Calculate j(19).
-466
Let u(n) = 34*n**3 - 179*n**2 - 180*n - 2. What is u(-1)?
-35
Let w(g) = 3691*g + 151300. Calculate w(-41).
-31
Let t(b) = 23666*b + 1751249. Determine t(-74).
-35
Let v(x) = 341*x - 21597. What is v(63)?
-114
Let o(x) = -1049504*x + 5247513. Give o(5).
-7
Let p(w) = -5*w**2 + 945*w + 14200. Give p(203).
-10
Let u(y) = -280*y - 18012. What is u(-64)?
-92
Let m(u) = u**3 - 229*u**2 - 469*u + 1669. Determine m(231).
52
Let v(j) = 1203*j**2 + 9590*j - 267. What is v(-8)?
5
Let k(w) = -w**3 + 30*w**2 - 729*w + 13071. Give k(23).
7
Let s(m) = m**3 + 94*m**2 + 1962*m - 1715. What is s(-33)?
-32
Let t(d) = -d**3 + 31*d**2 + 197*d - 326. Determine t(36).
286
Let j(g) = -21173*g + 190346. Determine j(9).
-211
Let z(w) = 15*w - 1512. Calculate z(89).
-177
Let r(m) = 102443*m + 614710. Determine r(-6).
52
Let y(u) = -1375*u**2 + 6892*u - 77. What is y(5)?
8
Let t(p) = -2*p**2 + 243086*p - 11906409. Calculate t(49).
3
Let i(z) = 427*z - 5507. Calculate i(11).
-810
Let n(z) = 2*z**2 - 193*z - 91919. What is n(268)?
5
Let x(g) = g**2 + 354*g - 166706. Determine x(268).
-10
Let s(r) = -258*r**2 + 2831*r + 371. What is s(11)?
294
Let m(q) = -q**3 + 40*q**2 + 195*q - 820. Give m(44).
16
Let y(l) = l**3 + 49*l**2 + 567*l + 995. Determine y(-14).
-83
Let h(r) = -15118*r - 13733. Give h(-1).
1385
Let i(n) = 2*n**2 + 113*n + 1407. What is i(-20)?
-53
Let y(d) = -16983*d - 152836. Give y(-9).
11
Let y(c) = 5*c**3 + 9*c**2 + 23*c + 57. Calculate y(-6).
-837
Let f(h) = 9601*h - 950482. Determine f(99).
17
Let b(w) = w**3 - 14*w**2 + 275*w - 4778. What is b(15)?
-428
Let k(x) = -5*x**3 - 111*x**2 - 112*x + 222. Give k(1).
-6
Let y(x) = 3845*x + 7159397. Give y(-1862).
7
Let f(g) = -3*g**3 + 2452*g**2 + 3214*g - 1290809. Calculate f(818).
-5
Let k(v) = -v**3 + 21*v**2 + 2*v + 469. Determine k(22).
29
Let w(b) = -b**3 + 172*b**2 - 6687*b - 261. Determine w(113).
-2521
Let c(p) = 3*p**2 - 491*p + 4925. Give c(153).
29
Let s(b) = b**3 + 104*b**2 - 812*b + 37406. Calculate s(-114).
14
Let h(z) = -2457*z + 4886. Give h(2).
-28
Let f(a) = 4*a**3 - 12*a**2 + 34*a - 267. Give f(6).
369
Let u(p) = 372*p**2 - 1009*p. Calculate u(2).
-530
Let n(q) = -238308*q + 3336319. Give n(14).
7
Let j(x) = x**2 - 2430*x - 34120. Calculate j(-14).
96
Let r(j) = -j**3 - 13*j**2 - 30*j + 12. What is r(-7)?
-72
Let b(d) = 15391*d - 61710. Give b(4).
-146
Let d(l) = -2*l**3 - 54*l**2 - 51*l + 15. What is d(-26)?
-11
Let z(g) = -3*g**2 - 1949*g - 47287. Give z(-25).
-437
Let y(x) = 347550*x - 3823131. Calculate y(11).
-81
Let a(x) = -72261*x - 433362. Calculate a(-6).
204
Let j(i) = -3*i**2 - 830*i - 5848. Give j(-7).
-185
Let o(u) = 236*u - 9337. Give o(38).
-369
Let c(a) = 742*a**2 - 7498*a - 18. What is c(10)?
-798
Let z(g) = 2*g**3 - 26*g**2 - 450*g + 38. Calculate z(22).
-1150
Let j(a) = -2*a**2 - 6793*a - 188628. What is j(-28)?
8
Let w(k) = -8*k**2 - 208*k + 964. What is w(5)?
-276
Let b(u) = 66*u - 4549. Calculate b(72).
203
Let p(n) = 1366*n + 17862. Calculate p(-15).
-2628
Let j(d) = 600*d + 20135. Give j(-33).
335
Let t(b) = 7927*b - 7898. Determine t(1).
29
Let x(o) = -12*o**3 - 149*o**2 - 34*o - 82. Determine x(-12).
-394
Let b(q) = -7374*q - 744773. What is b(-101)?
1
Let g(v) = -20*v**2 - 1301*v + 731. Give g(-65).
796
Let n(o) = 9249*o - 3904. Calculate n(0).
-3904
Let p(d) = 2*d**3 + 9*d**2 - 1287*d - 10384. Give p(-8).
-536
Let f(b) = 39213*b + 5489817. Give f(-140).
-3
Let f(s) = -50*s**3 + 1051*s**2 - 16*s - 102. What is f(21)?
3
Let p(b) = 16*b**2 - 4105*b + 16449. What is p(4)?
285
Let x(w) = 2607*w - 25677. Give x(10).
393
Let c(k) = k**3 + 809*k**2 - 9037*k + 200. Determine c(11).
13
Let c(s) = 541*s + 63839. What is c(-118)?
1
Let k(j) = 37*j**2 + 7360*j - 531. Determine k(-199).
66
Let h(v) = v**3 - 99*v**2 + 299*v - 897. Give h(96).
159
Let n(k) = -56